 82. Suppose 5*f + p + 155 = 0, p - 79 = 2*f - 2*p. Let l be i(f). Calculate the greatest common divisor of l and 10.
10
Let k(n) = n**2 - 54*n + 593. Let g be k(46). What is the greatest common divisor of 20 and g?
5
Let k be 3*(-7)/(-84) - 131/(-4). Suppose 2*p - 15 = -3*f + k, f - 116 = -4*p. What is the greatest common factor of p and 10?
10
Suppose 2*c = 4 + 4, -4*p = 5*c - 40. Suppose -k - p*a - 4 = 0, -4*k + 28 = -a + 2. What is the highest common divisor of 12 and k?
6
Suppose 2*j = 4*k + 3017 + 6563, 3*k = -4*j + 19083. Calculate the highest common divisor of j and 168.
24
Let u = -10819 - -11257. Calculate the highest common divisor of u and 2263.
73
Suppose -12*g - 14491 = 19*g - 60433. Calculate the greatest common factor of g and 1197.
57
Let n be 8 + 252/(-30) + (-524)/(-10). Suppose 61*v - n = 65*v. Let a = v - -34. Calculate the highest common divisor of 6 and a.
3
Let d(n) = -2*n**2 - 101*n - 756. Let m be d(-38). Calculate the greatest common factor of 14453 and m.
97
Let z be ((-135)/450)/((-9)/(-5)) - (-5209)/6. What is the highest common factor of 682 and z?
62
Let s(x) = -140*x + 430. Let n be s(3). Calculate the greatest common factor of n and 230.
10
Suppose -50*u - 7*u - 4*u + 488 = 0. What is the greatest common factor of 1196 and u?
4
Let y(a) = -19*a - 1. Let u be y(-3). Let j be (5/15 + -2)/((-2)/18). Let i(v) = -2*v + 44. Let h be i(j). Calculate the greatest common factor of h and u.
14
Let u = 24630 + -24608. Calculate the highest common divisor of 10087 and u.
11
Let l = 140 - 135. Let n be 8/(-1)*l/(-2). Calculate the highest common factor of n and 50.
10
Suppose -f = h - 2*h + 2, 4*f + 4*h = 32. Suppose f*d + 3*d = 1800. What is the highest common factor of 12 and d?
12
Let q be (-1)/(-8) + (-3784)/64. Let o = -58 - q. Let i be ((-21)/(-6))/(o - (-11)/(-12)). What is the highest common factor of i and 12?
6
Suppose -4*y = -3*s + 1064, 0 = 2*y - 8. What is the greatest common divisor of 200 and s?
40
Let c(x) be the first derivative of 49*x**4/2 - 5*x**2/2 - 4*x - 4. Let o be c(-1). Let b = 121 + o. What is the highest common divisor of 3 and b?
3
Let m(r) be the second derivative of 29/2*r**2 + 0 + 1/6*r**3 - 5*r. Let n be m(-6). What is the greatest common divisor of n and 161?
23
Suppose -13*k + 12707 = -62*k + 52397. Calculate the highest common divisor of k and 13230.
270
Suppose 279 = -5*o + 1294. Let w = o + -82. Let x(k) = -k**3 + 6*k**2 - 4*k + 6. Let q be x(5). Calculate the greatest common factor of w and q.
11
Suppose -11*t + 9555 + 11332 = -1113. Calculate the highest common divisor of t and 300.
100
Suppose 0 = -35*k - 4134 + 21074. Calculate the greatest common divisor of 66 and k.
22
Let n be (-1)/(-3) - (-19)/(-3). Let l be n*2/(-4) + -12. Let w be 22 + 6/(-9) + 30/l. What is the highest common factor of w and 90?
18
Let l be (-2)/(-15) - 142994/(-570) - -3. What is the highest common factor of l and 5207?
127
Let g = -4314 + 4491. Suppose -2*d - 236 = -4*d. Calculate the greatest common factor of d and g.
59
Let w(u) = -49*u**3 + 5*u**2 + 26*u + 23. Let h be w(-3). Calculate the greatest common divisor of 143 and h.
13
Let r(j) = 3*j**2 - 18*j - 2. Let c be r(8). Let v be (-8)/2 - (c + -72). What is the highest common factor of v and 8?
2
Let j be (-7)/((-4)/(48/(-15)) - 27/20). Calculate the highest common factor of j and 16590.
70
Suppose -3*x - 1 + 7 = 0. Suppose 4*l - 178 = -x*h - 10, -2*h - 3*l = -168. Calculate the greatest common divisor of h and 21.
21
Let b(s) = -41*s + 803. Let j be b(18). What is the greatest common divisor of j and 20?
5
Suppose 20*t + 4*t = -5*t + 2291. What is the highest common factor of t and 2133?
79
Suppose -10*w = 5*v - 8*w + 27, -2*w + 13 = -3*v. Let l be (-5 + v)*(-10)/4. What is the greatest common factor of l and 3?
1
Suppose 0 = -0*i + 3*i - 171. Suppose 18*v - 793 = -109. What is the highest common divisor of v and i?
19
Let z(x) = -362*x**3 + 4*x**2 + 4*x - 6. Let g be z(-2). Suppose -5*a = a - g. Calculate the highest common divisor of a and 21.
21
Suppose 0 = 4*x - 4*h - 2132, x - 3*h - 212 = 327. What is the greatest common factor of 190 and x?
10
Suppose 0 = -o + 5, 0 = -338*x + 340*x - 3*o - 491. Suppose -5*r = -2*r - 69. What is the highest common divisor of r and x?
23
Suppose 2*r - 244 = -5*d, 5*d - 359 = -3*r - 113. Suppose -473 - 1111 = -0*c - 6*c. What is the highest common factor of d and c?
24
Let m be -45 - (2/1)/2. Suppose 15 - 83 = 2*b - 2*r, -42 = b + r. Let z = b - m. Calculate the greatest common divisor of 16 and z.
8
Let b = 8 - 6. Let m be (16 + -6)*(-4)/(-8)*2. Calculate the highest common divisor of m and b.
2
Let o = -49 - -71. Let x = 17 + -9. Suppose -x*u - 274 = -2210. Calculate the greatest common divisor of o and u.
22
Let h be 20/110 + (-2)/44*-11524. What is the greatest common divisor of 2751 and h?
131
Let g = 5071 - 5051. Calculate the highest common factor of 6260 and g.
20
Suppose 0 = 15*j - 16*j + 22. Calculate the highest common divisor of 4994 and j.
22
Suppose 136*x - 168*x + 1536 = 0. Calculate the greatest common divisor of 13328 and x.
16
Suppose -48665 = -59*n + 378 + 68249. What is the greatest common divisor of n and 98?
14
Suppose 0 = 48*q - 43*q + 5*w - 85, 2*q = w + 46. Suppose -107 = -5*m - 2*c, -5*m + 0*m + 109 = 4*c. Calculate the highest common factor of m and q.
21
Let f(x) = -3*x**3 - 11*x**2 + 21*x + 155. Let u be f(-8). Suppose 30*g - u = 17*g. What is the greatest common divisor of 231 and g?
21
Suppose 4*w - 13 + 1 = 0, w = 5*z - 21167. What is the highest common divisor of 116 and z?
58
Suppose -5*s + 3*h - 27 = -646, -4*h = -s + 134. What is the highest common factor of s and 1464?
122
Suppose -3*v - 3*x + 3 = 0, 4 = -2*v - 2*x - 3*x. Let o be v/24*4*(0 - -248). Calculate the greatest common divisor of o and 62.
62
Suppose 4256*r - 4257*r = -435. Calculate the highest common divisor of r and 150.
15
Suppose 3*c - 364 = 95. Suppose 2 = 4*y + 5*h, -95*y - 2*h = -93*y - 8. What is the greatest common factor of y and c?
9
Suppose -4*j + f = -58, 0 = 5*j - 3*f + 8*f - 60. Suppose -5*x = j*p - 10*p - 934, -5*x - p = -946. What is the greatest common factor of 38 and x?
38
Let d be 37/185 - (0 - (2 - (-23907)/15)). What is the greatest common factor of d and 24?
12
Let o(h) = -48*h - 58. Let j be o(-2). Let m = j + -31. Calculate the highest common factor of m and 147.
7
Suppose 0 = 5*f + 181 - 356. Suppose -n = -2*h + 879, 34*h - n = f*h - 444. What is the greatest common divisor of h and 18?
9
Let l = 2 + 7. Let n = 16 - l. Let c = -22 + 29. What is the highest common divisor of c and n?
7
Let w(z) = -2*z. Suppose -20*s - 148 = 17*s. Let j be w(s). What is the highest common factor of j and 64?
8
Suppose y + 37 = -4*t + 468, -3*y - 4*t + 1325 = 0. Let s = y - 27. What is the greatest common divisor of 35 and s?
35
Suppose -48*z = 190*z + 67*z - 13420. Calculate the greatest common divisor of z and 803.
11
Let o(w) = -4*w**3 + 3*w**2 - 4*w - 6. Let l be o(-3). Let z = 7 - 47. Let f be (-3764)/z - 13/130. What is the highest common factor of l and f?
47
Let m = -4668 + 4820. What is the highest common divisor of 209 and m?
19
Let n be 14*((-236)/(-28) - (-4 - 3)). What is the greatest common factor of 1116 and n?
36
Let n = -17631 + 17979. Calculate the highest common divisor of n and 14442.
174
Suppose -3*j + 10 = 1, 3*t + 5*j - 315 = 0. Suppose 4*p + 0*z + z = t, -p + 32 = 2*z. Calculate the highest common factor of p and 696.
24
Suppose 20*w = 9*w + 33. Suppose -2*k + 16 = 2*m, 2*k = w*m - 49 + 20. What is the highest common factor of m and 81?
9
Suppose -681 - 153 = -6*n. Let r = 177 - n. What is the greatest common factor of r and 38?
38
Let l(d) = -2*d + 5. Let c be l(-4). Let f = -19917 - -19930. What is the highest common factor of f and c?
13
Suppose 660 = -144*y + 188*y. What is the highest common factor of y and 4665?
15
Let r(q) = -3 + 23*q - 2*q**2 + 2*q - 5*q - q**2. Let g be 15*((-54)/15 - -4). Let y be r(g). Calculate the highest common divisor of y and 1.
1
Let p(g) = g**3 - 13*g**2 + 61*g - 14. Let s be p(5). Calculate the greatest common divisor of s and 2171.
13
Let u be 13/(-5) + 3 - (-14062)/445. Calculate the greatest common factor of u and 14.
2
Let b(l) = -l**3 - 11*